of 1444?
4
What is the tens digit of 870?
7
What is the ten thousands digit of 92697?
9
What is the tens digit of 8804?
0
What is the hundreds digit of 55471?
4
What is the hundreds digit of 1215?
2
What is the hundreds digit of 1105?
1
What is the units digit of 3030?
0
What is the hundreds digit of 4622?
6
What is the hundreds digit of 85948?
9
What is the hundreds digit of 54579?
5
What is the hundreds digit of 2471?
4
What is the hundreds digit of 234?
2
What is the units digit of 1512?
2
What is the tens digit of 32162?
6
What is the ten thousands digit of 98369?
9
What is the hundreds digit of 1039?
0
What is the units digit of 213?
3
What is the tens digit of 974?
7
What is the units digit of 951?
1
What is the tens digit of 45523?
2
What is the tens digit of 741?
4
What is the thousands digit of 5490?
5
What is the hundreds digit of 22019?
0
What is the units digit of 2531?
1
What is the tens digit of 1265?
6
What is the units digit of 92474?
4
What is the units digit of 5455?
5
What is the hundreds digit of 2023?
0
What is the units digit of 304?
4
What is the units digit of 3554?
4
What is the ten thousands digit of 19074?
1
What is the ten thousands digit of 80780?
8
What is the ten thousands digit of 10520?
1
What is the units digit of 3993?
3
What is the hundreds digit of 50772?
7
What is the tens digit of 2035?
3
What is the thousands digit of 12529?
2
What is the units digit of 12510?
0
What is the units digit of 76655?
5
What is the units digit of 1697?
7
What is the units digit of 154?
4
What is the hundreds digit of 475?
4
What is the units digit of 6638?
8
What is the units digit of 7149?
9
What is the ten thousands digit of 11229?
1
What is the units digit of 23108?
8
What is the tens digit of 14026?
2
What is the hundreds digit of 2661?
6
What is the tens digit of 56?
5
What is the ten thousands digit of 73112?
7
What is the units digit of 2056?
6
What is the units digit of 111?
1
What is the hundreds digit of 2422?
4
What is the tens digit of 972?
7
What is the tens digit of 1584?
8
What is the ten thousands digit of 12434?
1
What is the ten thousands digit of 87873?
8
What is the tens digit of 1533?
3
What is the hundreds digit of 8692?
6
What is the units digit of 30941?
1
What is the tens digit of 22741?
4
What is the tens digit of 19299?
9
What is the hundreds digit of 828?
8
What is the thousands digit of 10457?
0
What is the thousands digit of 41659?
1
What is the hundreds digit of 140?
1
What is the ten thousands digit of 94623?
9
What is the hundreds digit of 1252?
2
What is the units digit of 2466?
6
What is the tens digit of 67331?
3
What is the hundred thousands digit of 160144?
1
What is the units digit of 987?
7
What is the tens digit of 86659?
5
What is the tens digit of 43047?
4
What is the units digit of 25487?
7
What is the thousands digit of 2132?
2
What is the ten thousands digit of 77736?
7
What is the hundreds digit of 2026?
0
What is the ten thousands digit of 18465?
1
What is the tens digit of 823?
2
What is the ten thousands digit of 109799?
0
What is the thousands digit of 14649?
4
What is the units digit of 5542?
2
What is the hundreds digit of 99508?
5
What is the tens digit of 2143?
4
What is the units digit of 1848?
8
What is the tens digit of 5202?
0
What is the units digit of 17698?
8
What is the thousands digit of 16200?
6
What is the thousands digit of 2820?
2
What is the units digit of 14085?
5
What is the units digit of 187?
7
What is the hundreds digit of 383?
3
What is the hundreds digit of 2662?
6
What is the units digit of 39?
9
What is the units digit of 6?
6
What is the units digit of 61396?
6
What is the hundreds digit of 47919?
9
What is the thousands digit of 21485?
1
What is the tens digit of 481?
8
What is the ten thousands digit of 15071?
1
What is the thousands digit of 1426?
1
What is the tens digit of 752?
5
What is the units digit of 1827?
7
What is the units digit of 6228?
8
What is the hundreds digit of 60236?
2
What is the hundreds digit of 1169?
1
What is the thousands digit of 61315?
1
What is the units digit of 304?
4
What is the hundreds digit of 1217?
2
What is the tens digit of 1856?
5
What is the units digit of 7136?
6
What is the tens digit of 1158?
5
What is the units digit of 202691?
1
What is the units digit of 57125?
5
What is the units digit of 155?
5
What is the units digit of 33738?
8
What is the thousands digit of 13687?
3
What is the hundred thousands digit of 121486?
1
What is the thousands digit of 9151?
9
What is the units digit of 851?
1
What is the hundreds digit of 2263?
2
What is the units digit of 1689?
9
What is the thousands digit of 29476?
9
What is the ten thousands digit of 52785?
5
What is the units digit of 833?
3
What is the units digit of 737?
7
What is the units digit of 2134?
4
What is the hundreds digit of 34199?
1
What is the thousands digit of 43507?
3
What is the hundreds digit of 942?
9
What is the tens digit of 10011?
1
What is the thousands digit of 99517?
9
What is the thousands digit of 53897?
3
What is the units digit of 121?
1
What is the hundreds digit of 2247?
2
What is the thousands digit of 4303?
4
What is the units digit of 563?
3
What is the ten thousands digit of 206889?
0
What is the tens digit of 2251?
5
What is the tens digit of 1898?
9
What is the units digit of 34626?
6
What is the units digit of 9146?
6
What is the hundreds digit of 11700?
7
What is the hundreds digit of 1242?
2
What is the tens digit of 673?
7
What is the ten thousands digit of 14164?
1
What is the hundreds digit of 2982?
9
What is the hundreds digit of 762?
7
What is the thousands digit of 2621?
2
What is the tens digit of 6359?
5
What is the hundreds digit of 12268?
2
What is the hundreds digit of 166?
1
What is the tens digit of 161?
6
What is the hundreds digit of 24619?
6
What is the hundreds digit of 1926?
9
What is the hundreds digit of 1223?
2
What is the units digit of 1346?
6
What is the tens digit of 4689?
8
What is the units digit of 586?
6
What is the hundreds digit of 604?
6
What is the hundreds digit of 1660?
6
What is the tens digit of 11?
1
What is the tens digit of 169?
6
What is the tens digit of 37241?
4
What is the hundreds digit of 11320?
3
What is the hundred thousands digit of 105515?
1
What is the ten thousands digit of 30769?
3
What is the units digit of 6519?
9
What is the units digit of 3346?
6
What is the hundreds digit of 17380?
3
What is the thousands digit of 6822?
6
What is the hundreds digit of 1565?
5
What is the hundreds digit of 3146?
1
What is the tens digit of 2525?
2
What is the ten thousands digit of 25062?
2
What is the thousands digit of 51683?
1
What is the hundreds digit of 10257?
2
What is the ten thousands digit of 15610?
1
What is the hundreds digit of 1381?
3
What is the thousands digit of 9517?
9
What is the hundreds digit of 35657?
6
What is the ten thousands digit of 84440?
8
What is the thousands digit of 4393?
4
What is the units digit of 4671?
1
What is the units digit of 481?
1
What is the tens digit of 14823?
2
What is the hundreds digit of 10409?
4
What is the thousands digit of 2497?
2
What is the tens digit of 1641?
4
What is the thousands digit of 21143?
1
What is the units digit of 10166?
6
What is the hundreds digit of 24370?
3
What is the units digit of 4514?
4
What is the hundreds digit of 51691?
6
What is the tens digit of 2905?
0
What is the thousands digit of 2098?
2
What is the ten thousands digit of 22075?
2
What is the hundreds digit of 13111?
1
What is the units digit of 115586?
6
What is the units digit of 7887?
7
What is the tens digit of 1882?
8
What is the tens digit of 2365?
6
What is the hundreds digit of 3664?
6
What is the tens digit of 9808?
0
What is the units digit of 29821?
1
What is the thousands digit of 89583?
9
What is the tens digit of 1251?
5
What is the tens digit of 5890?
9
What is the tens digit of 43291?
9
What is the units digit of 153?
3
What is the thousands digit of 3794?
3
What is the tens digit of 48075?
7
What is the hundreds digit of 43604?
6
What is the hundreds digit of 19740?
7
What is the hundreds digit of 1048?
0
What is the thousands digit of 1904?
1
What is the units digit of 117878?
8
What is the hundreds digit of 3792?
7
What is